(base 15) in base 9?
155
What is -3 (base 10) in base 16?
-3
Convert 9 (base 16) to base 8.
11
-123 (base 7) to base 3
-2110
25 (base 11) to base 4
123
-151 (base 6) to base 12
-57
Convert 11 (base 5) to base 3.
20
What is 1 (base 14) in base 3?
1
201 (base 5) to base 9
56
-4 (base 10) to base 3
-11
What is 3 (base 16) in base 7?
3
Convert -1203 (base 5) to base 7.
-343
3 (base 7) to base 10
3
What is -125 (base 7) in base 15?
-48
111 (base 4) to base 16
15
-1 (base 15) to base 8
-1
-9 (base 12) to base 6
-13
What is 75 (base 9) in base 8?
104
4c (base 14) to base 13
53
-8 (base 9) to base 15
-8
Convert 4b (base 16) to base 12.
63
What is 6 (base 14) in base 15?
6
What is -cc (base 13) in base 4?
-2220
What is 34 (base 8) in base 4?
130
What is -326 (base 7) in base 5?
-1132
-1 (base 14) to base 4
-1
-1 (base 14) to base 16
-1
What is -2241 (base 5) in base 15?
-166
What is 18 (base 15) in base 16?
17
Convert 2 (base 3) to base 12.
2
What is -1 (base 10) in base 11?
-1
What is 100 (base 3) in base 12?
9
Convert 75 (base 8) to base 14.
45
-3 (base 16) to base 12
-3
What is -5 (base 15) in base 5?
-10
1 (base 7) to base 6
1
What is 51 (base 6) in base 11?
29
1 (base 3) to base 16
1
2 (base 3) to base 14
2
What is 40 (base 6) in base 2?
11000
What is 264 (base 7) in base 15?
99
1000 (base 2) to base 13
8
What is -22 (base 7) in base 5?
-31
What is 174 (base 9) in base 16?
94
Convert 21 (base 6) to base 13.
10
Convert 44 (base 9) to base 3.
1111
Convert 3 (base 16) to base 12.
3
What is -32 (base 9) in base 5?
-104
0 (base 9) to base 13
0
What is -fe (base 16) in base 12?
-192
Convert 320 (base 4) to base 13.
44
What is -77 (base 8) in base 16?
-3f
What is 22 (base 5) in base 16?
c
What is -11011 (base 3) in base 12?
-94
8 (base 9) to base 5
13
What is 20 (base 10) in base 11?
19
Convert -1a (base 16) to base 14.
-1c
13 (base 8) to base 10
11
Convert -12 (base 4) to base 14.
-6
5 (base 7) to base 10
5
-1 (base 14) to base 10
-1
Convert -40 (base 6) to base 7.
-33
Convert -6 (base 7) to base 16.
-6
What is 20 (base 4) in base 2?
1000
-74 (base 13) to base 11
-87
242 (base 5) to base 16
48
-65 (base 15) to base 6
-235
What is 560 (base 8) in base 4?
11300
Convert 78 (base 13) to base 4.
1203
-60 (base 12) to base 4
-1020
What is -11111101 (base 2) in base 4?
-3331
What is 7 (base 11) in base 9?
7
27 (base 9) to base 15
1a
4 (base 16) to base 10
4
What is 1020 (base 5) in base 15?
90
What is 11 (base 4) in base 11?
5
3 (base 12) to base 16
3
Convert -10 (base 16) to base 7.
-22
4 (base 14) to base 9
4
What is 3 (base 11) in base 7?
3
Convert -77 (base 8) to base 6.
-143
23 (base 11) to base 3
221
What is 30 (base 15) in base 13?
36
-7 (base 9) to base 15
-7
104 (base 9) to base 5
320
Convert -10 (base 4) to base 9.
-4
Convert -11 (base 3) to base 16.
-4
What is 13 (base 4) in base 16?
7
What is 52 (base 7) in base 9?
41
Convert -1 (base 12) to base 13.
-1
What is -1010 (base 4) in base 13?
-53
What is 2 (base 15) in base 6?
2
What is 2 (base 13) in base 10?
2
Convert -9 (base 12) to base 5.
-14
What is 11 (base 2) in base 8?
3
16 (base 9) to base 16
f
What is -115 (base 7) in base 5?
-221
-1 (base 5) to base 16
-1
-1 (base 3) to base 15
-1
What is -2 (base 9) in base 5?
-2
What is 140 (base 11) in base 2?
10100101
1022 (base 4) to base 3
2202
What is -22 (base 4) in base 2?
-1010
What is 3 (base 16) in base 5?
3
Convert 30 (base 8) to base 2.
11000
-13 (base 9) to base 15
-c
-17 (base 8) to base 13
-12
Convert -6 (base 13) to base 16.
-6
2 (base 12) to base 5
2
What is 3 (base 9) in base 6?
3
Convert 211 (base 9) to base 11.
147
54 (base 6) to base 10
34
What is 1 (base 2) in base 15?
1
Convert -18 (base 10) to base 11.
-17
Convert 1 (base 13) to base 7.
1
10 (base 12) to base 6
20
-4 (base 7) to base 4
-10
Convert -4 (base 9) to base 14.
-4
What is 111011 (base 2) in base 10?
59
-8 (base 14) to base 4
-20
What is -44 (base 10) in base 5?
-134
What is -6 (base 10) in base 2?
-110
12 (base 10) to base 13
c
-2 (base 5) to base 4
-2
What is 7 (base 14) in base 2?
111
Convert -10 (base 5) to base 14.
-5
What is 235 (base 11) in base 2?
100011000
66 (base 8) to base 11
4a
Convert 4 (base 12) to base 8.
4
Convert 324 (base 5) to base 4.
1121
-23 (base 7) to base 13
-14
1 (base 8) to base 5
1
20 (base 12) to base 8
30
3 (base 12) to base 2
11
What is -103 (base 5) in base 4?
-130
Convert 1 (base 12) to base 6.
1
Convert -1 (base 5) to base 15.
-1
Convert -5a (base 14) to base 9.
-88
What is -12b (base 13) in base 3?
-21122
3c (base 14) to base 13
42
Convert 10010 (base 2) to base 6.
30
What is 0 (base 9) in base 7?
0
Convert -20 (base 9) to base 11.
-17
Convert -11 (base 3) to base 2.
-100
-21 (base 7) to base 4
-33
10101 (base 2) to base 8
25
What is -6 (base 11) in base 12?
-6
312 (base 4) to base 13
42
What is -cc (base 14) in base 8?
-264
What is 0 (base 3) in base 10?
0
-2 (base 3) to base 6
-2
5 (base 11) to base 9
5
-111 (base 2) to base 12
-7
Convert -1 (base 12) to base 15.
-1
-6 (base 12) to base 3
-20
Convert -1000 (base 4) to base 10.
-64
Convert -1100 (base 2) to base 13.
-c
What is 0 (base 14) in base 6?
0
-77 (base 14) to base 5
-410
1 (base 4) to base 12
1
-5 (base 6) to base 14
-5
-101 (base 2) to base 4
-11
Convert 7 (base 15) to base 3.
21
-45 (base 9) to base 12
-35
Convert 6 (base 15) to base 2.
110
Convert c (base 14) to base 8.
14
Convert -1 (base 2) to base 9.
-1
What is -10 (base 4) in base 13?
-4
What is 9c (base 14) in base 6?
350
Convert -110 (base 2) to base 5.
-11
Convert -34 (base 9) to base 8.
-37
Convert 8c (base 13) to base 3.
11022
What is 11a (base 11) in base 13?
ac
What is -2a (base 11) in base 16?
-20
What is 5 (base 10) in base 4?
11
36 (base 8) to base 15
20
Convert 54 (base 13) to base 2.
1000101
Convert 10101110 (base 2) to base 15.
b9
Convert 0 (base 12) to base 5.
0
-104 (base 6) to base 4
-220
Convert 1 (base 7) to base 10.
1
What is -14 (base 7) in base 5?
-21
c (base 13) to base 15
c
-104 (base 7) to base 15
-38
Convert 6 (base 7) to base 14.
6
3d (base 14) to base 10
55
What is -121 (base 3) in base 14?
-12
Convert 37 (base 13) to base 11.
42
0 (base 5) to base 7
0
Convert -2 (base 16) to base 13.
-2
What is 166 (base 8) in base 11?
a8
-100011001 (base 2) to base 7
-551
What is -1014 (base 5) in base 10?
-134
What is 3 (base 16) in base 11?
3
-b (base 12) to base 10
-11
What is 0 (base 14) in base 7?
0
What is 16 (base 16) in base 12?
1a
What is -5 (base 11) in base 9?
-5
-a (base 13) to base 16
-a
Convert -4e (base 16) to base 10.
-78
Convert -b (base 13) to base 6.
-15
Convert -1 (base 7) to base 6.
-1
1000000 (base 2) to base 4
1000
-1 (base 3) to base 12
-1
What is -5 (base 15) in base 8?
-5
What is -1 (base 4) in base 10?
-1
What is 122 (base 15) in base 5?
2012
What is -1 (base 10) in base 8?
-1
Convert 1 (base 4) to base 11.
1
2 (base 5) to base 8
2
Convert -b6 (base 16) to base 2.
-10110110
Convert 7 (base 8) to base 4.
13
Convert -13 (base 13) to base 5.
-31
Convert 22 (base 3) to base 11.
8
Convert -13 (base 14) to base 3.
-122
-1 (base 13) to base 7
-1
6 (base 15) to base 14
6
What is 2224 (base 5) in base 12?
222
-97 (base 11) to base 5
-411
Convert -10 (base 7) to base 4.
-13
Convert 1 (base 9) to base 5.
1
Convert 4 (base 10) to base 3.
11
Convert -100011 (base 2) to base 12.
-2b
What is -1 (base 3) in base 5?
-1
Convert -2 (base 12) to base 11.
-2
Convert 1 (base 14) to base 11.
1
What is -3 (base 15) in base 12?
-3
-3 (base 6) to base 11
-3
Convert -23 (base 13) to base 4.
-131
What is 9 (base 14) in base 3?
100
22 (base 3) to base 15
8
1230 (base 5) to base 15
ca
-2 (base 16) to base 5
-2
-2 (base 6) to base 9
-2
What is -26 (base 7) in base 6?
-32
What is 525 (base 6) in base 5?
1242
2 (base 5) to base 2
10
0 (base 4) to base 3
0
Convert -100000 (base 2) to base 9.
-35
Convert 505 (base 6) to base 7.
353
What is 31 (base 4) in base 13?
10
What is -146 (base 13) in base 2?
-11100011
Convert -1011 (base 2) to base 7.
-14
What is 66 (base 11) in base 8?
110
2 (base 15) to base 5
2
What is 14 (base 8) in base 13?
c
What is -5 (base 16) in base 12?
-5
Convert -11 (base 6) to base 9.
-7
2 (base 5) to base 10
2
What is a (base 13) in base 6?
14
What is -1 (base 10) in base 8?
-1
Convert -12 (b